e prime factors of 102320745?
3, 5, 6821383
List the prime factors of 111903917.
107, 149, 7019
What are the prime factors of 37516994?
2, 17, 421, 2621
List the prime factors of 103788965.
5, 7, 59, 50261
List the prime factors of 520383555.
3, 5, 3854693
What are the prime factors of 5175330449?
5175330449
What are the prime factors of 88427563?
7, 151, 269, 311
What are the prime factors of 53365055?
5, 10673011
List the prime factors of 1200446717.
1200446717
List the prime factors of 467188391.
467188391
List the prime factors of 24592785.
3, 5, 7, 234217
What are the prime factors of 1966477802?
2, 199, 4940899
What are the prime factors of 122652243?
3, 7, 278123
List the prime factors of 138224824.
2, 17, 1016359
What are the prime factors of 317842093?
1303, 243931
List the prime factors of 197324534.
2, 11, 241, 37217
What are the prime factors of 1672613021?
10369, 161309
List the prime factors of 3532280.
2, 5, 233, 379
List the prime factors of 335926461.
3, 13, 307, 28057
List the prime factors of 412356202.
2, 19, 461, 23539
List the prime factors of 530140696.
2, 97, 7043
List the prime factors of 464391923.
464391923
List the prime factors of 301699236.
2, 3, 25141603
What are the prime factors of 28738737?
3, 271, 11783
What are the prime factors of 37734262?
2, 18867131
What are the prime factors of 1998314495?
5, 647, 617717
What are the prime factors of 1288934624?
2, 40279207
List the prime factors of 2042998736.
2, 23, 5551627
What are the prime factors of 115058600?
2, 5, 653, 881
What are the prime factors of 1207521941?
197, 6129553
What are the prime factors of 22195315?
5, 4439063
List the prime factors of 294170797.
7841, 37517
List the prime factors of 105755477.
31, 691, 4937
What are the prime factors of 37522683?
3, 11, 23, 1831
What are the prime factors of 13417881?
3, 4472627
What are the prime factors of 187300124?
2, 11, 83, 51287
List the prime factors of 983124643.
983124643
What are the prime factors of 48792759?
3, 2833, 5741
List the prime factors of 2094850490.
2, 5, 379, 552731
What are the prime factors of 157468477?
157468477
What are the prime factors of 625282038?
2, 3, 11579297
List the prime factors of 105245797.
37, 2844481
List the prime factors of 166756101.
3, 457, 121631
List the prime factors of 643204632.
2, 3, 7, 3828599
What are the prime factors of 198503732?
2, 7, 7089419
What are the prime factors of 311497340?
2, 5, 7, 11, 83, 2437
List the prime factors of 586675424.
2, 1993, 9199
What are the prime factors of 1610067670?
2, 5, 617, 260951
List the prime factors of 372842817.
3, 487, 255197
List the prime factors of 8269438.
2, 4134719
List the prime factors of 81687316.
2, 29, 47, 14983
What are the prime factors of 173391259?
2273, 76283
What are the prime factors of 125912011?
125912011
What are the prime factors of 99256250?
2, 5, 15881
What are the prime factors of 144540770?
2, 5, 11, 79, 16633
List the prime factors of 1263514549.
11, 163, 64063
List the prime factors of 57466191.
3, 19155397
What are the prime factors of 59129193?
3, 19709731
What are the prime factors of 1616791814?
2, 11, 19, 3867923
What are the prime factors of 872477386?
2, 11, 163, 243301
What are the prime factors of 621653879?
7, 11, 1579, 5113
What are the prime factors of 11784137?
313, 37649
What are the prime factors of 1350396193?
1297, 1041169
What are the prime factors of 16444167?
3, 31, 176819
What are the prime factors of 116449964?
2, 29, 1003879
What are the prime factors of 44988106?
2, 29, 233, 3329
What are the prime factors of 480890657?
13, 36991589
List the prime factors of 243282610.
2, 5, 2753, 8837
List the prime factors of 244046597.
59, 4136383
List the prime factors of 23791658.
2, 11, 29, 89, 419
List the prime factors of 104266786.
2, 13, 4010261
What are the prime factors of 4664995?
5, 932999
List the prime factors of 4766271777.
3, 479, 1105607
What are the prime factors of 78263019?
3, 17, 511523
What are the prime factors of 31761875?
5, 89, 571
What are the prime factors of 44529901?
13, 19, 139, 1297
List the prime factors of 1667041534.
2, 727, 1146521
What are the prime factors of 293908899?
3, 241, 406513
List the prime factors of 277826694.
2, 3, 823, 56263
What are the prime factors of 38269554?
2, 3, 131, 181, 269
What are the prime factors of 147775427?
1013, 145879
List the prime factors of 1146644479.
1146644479
What are the prime factors of 24963665?
5, 101, 49433
List the prime factors of 5758764069.
3, 1919588023
What are the prime factors of 166702889?
166702889
What are the prime factors of 619777000?
2, 5, 271, 2287
What are the prime factors of 2157820823?
19, 314597
What are the prime factors of 201678017?
61, 103, 32099
List the prime factors of 4491640319.
4491640319
List the prime factors of 44913815.
5, 19, 149, 167
What are the prime factors of 54300000?
2, 3, 5, 181
List the prime factors of 15683187.
3, 13, 402133
List the prime factors of 1029257157.
3, 37, 9272587
What are the prime factors of 283279476?
2, 3, 1621, 14563
What are the prime factors of 78053551?
78053551
What are the prime factors of 131111255?
5, 11, 2383841
What are the prime factors of 1629773913?
3, 543257971
What are the prime factors of 346390535?
5, 69278107
What are the prime factors of 180017879?
17, 10589287
What are the prime factors of 303610851?
3, 2203, 15313
What are the prime factors of 137982910?
2, 5, 13, 1061407
List the prime factors of 77285245.
5, 619, 24971
What are the prime factors of 152586840?
2, 3, 5, 7, 373, 487
What are the prime factors of 1362107966?
2, 17, 40061999
What are the prime factors of 700773203?
13, 4146587
List the prime factors of 57486807.
3, 7, 304163
What are the prime factors of 3207139255?
5, 31, 127, 191, 853
What are the prime factors of 3765035313?
3, 13, 5099, 6311
List the prime factors of 137807077.
2719, 50683
What are the prime factors of 1161465272?
2, 11, 853, 15473
List the prime factors of 64666287.
3, 7, 1026449
List the prime factors of 92106325.
5, 3684253
What are the prime factors of 911961223?
911961223
What are the prime factors of 82473498?
2, 3, 1527287
What are the prime factors of 610927106?
2, 31, 9853663
List the prime factors of 2425584480.
2, 3, 5, 11, 17, 61, 443
List the prime factors of 433827718.
2, 216913859
List the prime factors of 59626689.
3, 19875563
List the prime factors of 181506935.
5, 197, 184271
What are the prime factors of 32627585?
5, 6525517
What are the prime factors of 60117198?
2, 3, 10019533
What are the prime factors of 562027602?
2, 3, 93671267
List the prime factors of 54014567.
54014567
List the prime factors of 3457767816.
2, 3, 47, 1021799
What are the prime factors of 123986892?
2, 3, 61, 107, 1583
What are the prime factors of 330793811?
4937, 67003
What are the prime factors of 205082189?
13, 15775553
What are the prime factors of 2587732873?
11, 19, 12381497
List the prime factors of 40542095.
5, 11, 737129
What are the prime factors of 68828114?
2, 431, 79847
What are the prime factors of 405617554?
2, 202808777
What are the prime factors of 882144251?
2083, 423497
List the prime factors of 7848351855.
3, 5, 4861, 35879
What are the prime factors of 4728574777?
211, 653, 34319
List the prime factors of 29454103.
7, 4207729
What are the prime factors of 2766481358?
2, 19, 223, 326467
What are the prime factors of 26118711?
3, 19, 8039
List the prime factors of 2151504189.
3, 1637, 146033
What are the prime factors of 102698392?
2, 12837299
List the prime factors of 705987134.
2, 79, 4468273
List the prime factors of 1119704952.
2, 3, 23, 37, 73, 751
List the prime factors of 15575646.
2, 3, 23, 59, 1913
What are the prime factors of 57109190?
2, 5, 5710919
What are the prime factors of 53268788?
2, 31, 429587
List the prime factors of 1364887890.
2, 3, 5, 823, 18427
What are the prime factors of 624040725?
3, 5, 7, 11, 43, 359
List the prime factors of 180440208.
2, 3, 13, 113, 853
List the prime factors of 123379431.
3, 7, 5875211
List the prime factors of 230721183.
3, 7, 11, 110977
What are the prime factors of 484297696?
2, 83, 182341
List the prime factors of 763245352.
2, 19, 5021351
What are the prime factors of 4345471?
13, 19, 73, 241
List the prime f